e f(o). Suppose -2*n + j - 17 = -z*n, 5*n + j - 77 = 0. List the prime factors of n.
3, 5
Let x(w) = w**3 + 11*w**2 + 11*w + 10. Let a(s) = -s - 2. Let y be a(8). Let l be x(y). Suppose -5*t + 48 - 3 = l. What are the prime factors of t?
3
Let p be (-56)/(-21)*(0 + 27). Suppose p = -y + 5*y. What are the prime factors of y?
2, 3
Let x be 2/(-1) - 0/3. Let z = -1 - x. What are the prime factors of (10/(-15))/(z/(-18))?
2, 3
What are the prime factors of (112/(-91))/(-8) + 2284/26?
2, 11
Suppose 2*j - 18 = 3*o, 3*j + 0*o = 5*o + 27. What are the prime factors of j?
3
Let j be -13 - (0 - 2)/(-2). Let q = 27 + j. List the prime factors of q.
13
Let s(h) = h**2 + 7*h - 7. Let z(i) = i - 1. Let v(d) = s(d) - 3*z(d). What are the prime factors of v(4)?
2, 7
Suppose -4*i - 100 = -2*f, 2*f - 77 = -i + 43. Let j = -29 + f. List the prime factors of j.
29
Let f be ((-9)/(-6))/((-9)/(-6)). What are the prime factors of (-3)/(f + 6/(-5))?
3, 5
Let f = -14 + 142. List the prime factors of f.
2
List the prime factors of (-676)/(-14) - 0 - 52/182.
2, 3
Suppose 0 = -4*m - 5*z + 859, 3*z + 623 = 3*m - 1. List the prime factors of m.
211
Suppose h - 6 = -2*o, -5*h + 2*h + 4*o = -8. Suppose -t = -h*t + 42. What are the prime factors of t?
2, 7
Let p = 131 - -104. List the prime factors of p.
5, 47
Let u = -143 - -243. What are the prime factors of u?
2, 5
Let y(q) be the second derivative of 4*q**3/3 - q**2 + 4*q. List the prime factors of y(2).
2, 7
What are the prime factors of 1/((-2)/114*-3)?
19
Let o be 3/(-6) + 36/8. Let t = o + 49. What are the prime factors of t?
53
Suppose 0 = -g + 4*y + 32, -2*g - 3*y - 6 = -125. List the prime factors of g.
2, 13
Let z(j) = j**3 - 8*j**2 + j - 2. Let g be z(8). What are the prime factors of (-8)/(-3)*g/2?
2
Suppose -2*d - 14 = -4*d + 4*y, d - y = 9. Suppose -p + 4*z = -2*p - d, 5 = -3*p - 5*z. List the prime factors of p.
5
What are the prime factors of -5 + 11 + -1 + 344?
349
Let d(z) = z**3 + 3*z**2 - 3*z - 7. Let u be 20/(-8)*12/10. What are the prime factors of d(u)?
2
Suppose 4*s - 92 = 8. Suppose -5*w = -n - 3*n + 29, -s = 5*w. What are the prime factors of 5 + 0 - (-2 + n)?
2, 3
Suppose 0*s - 2*s = -5*b + 15, -4*s - 5*b + 45 = 0. Suppose j + 4*a - 9 + 3 = 0, 0 = -j - s*a + 4. What are the prime factors of j?
2, 7
Suppose -c = 4*d + 1 + 15, -c = -d - 4. Suppose -3*q - 4*s = -65, 2*s + 2 + c = 0. What are the prime factors of q?
23
Suppose 364 = f - 0*f. List the prime factors of f.
2, 7, 13
Let q(a) = 2*a**2 - 6*a - 1. What are the prime factors of q(-8)?
5, 7
Let o(r) = -r**2 + 31. What are the prime factors of o(0)?
31
Suppose 3*m - 113 = 2*s, -m + 163 = 4*m + 3*s. Let y = m + -21. What are the prime factors of y?
2, 7
Let y(p) = -p**2 + 6*p - 1. Let j = -6 - -10. What are the prime factors of y(j)?
7
Let z be 2 + -8 + 3 + -6. Let o = 22 + z. What are the prime factors of o?
13
Suppose -5*x - 3*q + 40 = -7*q, x - 24 = 4*q. Suppose -5*u + 17 = 2*c - 14, -x = c - 4*u. List the prime factors of c.
2
Let g = 15 - 16. What are the prime factors of g - (-13 + 0 - 1)?
13
Suppose -2*m - m - p + 630 = 0, 2*m - 5*p - 437 = 0. List the prime factors of m.
211
Let u(f) = -2*f - 2*f + 4 + 3*f. Let w be u(6). What are the prime factors of (-1 - 4/2)*w?
2, 3
Suppose 5*r = 8 + 7. What are the prime factors of r?
3
Let f be -5*(-3)/6*2. Let n = 7 - f. Suppose 2*o + k - 5 = 0, -5*k = o - n*k. What are the prime factors of o?
3
Suppose 5*t + 7 = -4*j - 5, -3*j = -5*t + 9. Suppose t = 2*u - u - 10. Suppose r + r = u. What are the prime factors of r?
5
Let b = 3 - 4. Let u = 1 + b. Suppose -2*p = 4*j - 86, u = 4*j + p - 64 - 25. List the prime factors of j.
23
What are the prime factors of (276/9)/(6/9)?
2, 23
Let i(p) = 3*p + 6. Suppose -5*l + l = -20. What are the prime factors of i(l)?
3, 7
Let i = 88 - 123. Let z = 67 + i. What are the prime factors of z?
2
Suppose -j - 5*r + 19 = -3*j, -4*r + 35 = 5*j. Let p(x) = -4 + 3*x + j + 3*x. What are the prime factors of p(3)?
17
List the prime factors of (-2*1)/(10/(-415)).
83
Suppose 216 = 11*y - 257. List the prime factors of y.
43
Let j = -8 - -49. List the prime factors of j.
41
Suppose 0 = o - 3*o + 3*r + 6, -o - 4*r = 8. Let y = -7 - o. Let c(i) = -i + 4. What are the prime factors of c(y)?
11
Suppose -3*d + 6 = -5*h, -2*d = 3*d - 5*h - 10. What are the prime factors of d?
2
Suppose 5*g - 50 = -5*f, f = g - 6*g - 6. What are the prime factors of f?
2, 7
Let q = -29 + -81. List the prime factors of (-5 + 0)*q/50.
11
Let q = -2 - -5. Let u(a) = 2*a. Let v be u(q). Suppose 2*h + 0*h - 4 = i, 3*h = -2*i + v. List the prime factors of h.
2
Suppose 3*n - 277 = -2*d, -d - 3*n - 703 = -6*d. List the prime factors of d.
2, 5, 7
Let y = 6 - 1. Suppose -y*o + 54 = 19. List the prime factors of o.
7
What are the prime factors of 1332/20 + 6/(-10)?
2, 3, 11
Suppose 3*c - 94 = c - k, -5*k - 20 = 0. What are the prime factors of c?
7
Let q(t) = -3*t - 9. Suppose -5*f + 16 = -f. Let c(d) = -d**3 + 4*d**2 - 2*d + 1. Let j be c(f). What are the prime factors of q(j)?
2, 3
Let n(d) = 2 + 23*d**2 - 17*d**2 - 11*d**2 - 5*d - d**3. List the prime factors of n(-5).
3
Let r = -3 + 8. Let v be (-18)/(-5) + 2/r. What are the prime factors of (12/(-9))/(v/(-42))?
2, 7
Let t = -14 - -20. Let h = t + 8. List the prime factors of h.
2, 7
Let k(n) = -n**3 - 5*n**2 - 3*n - 1. Let x be k(-3). Let g be x*(1/1 - 2). What are the prime factors of 4/g + 23/5?
5
Let t(o) = -o**3 + o**2 + 3*o + 4. Let k(d) = -d**2 - 11*d - 13. Let y be k(-10). What are the prime factors of t(y)?
31
Suppose -2*y + 0 = -4*v + 2, 3*y = -5*v - 14. Let g(c) = 15*c**2 - 2*c - 1. What are the prime factors of g(v)?
2
Suppose 0 = -4*k + 4*b + 1548, 11*k - 9*k - b = 771. List the prime factors of k.
2, 3
Suppose 0 = -6*l + l + 130. List the prime factors of l.
2, 13
Suppose -5 = 2*v + 11. Let q = -10 - -24. Let y = q + v. What are the prime factors of y?
2, 3
Let z = 397 + -270. List the prime factors of z.
127
Suppose 5*q = -3*w - w + 978, 2*q - 378 = 5*w. What are the prime factors of q?
2, 97
Let u = 12 + -8. Suppose -u*d + 17 = -3*w, 5*d + 6*w = 3*w + 1. What are the prime factors of d - (-1 + 1/(-1))?
2
Suppose 0*c + 2*c = -l - 19, -13 = 2*c - l. List the prime factors of c/4 + 17*3.
7
Let h = -3 + 6. Suppose 12 = 2*x + 3*c, -h*x - c = -4*x + 11. Let k = x - 2. List the prime factors of k.
7
Suppose -k - y = -1, 2*y = -4*k - 2 + 4. Let t be 6 - (3 + k) - 1. Suppose 5*m - 56 = 4*g, t*g + 7 - 69 = -5*m. What are the prime factors of m?
2, 3
Suppose 2*l + 80 = 7*l. What are the prime factors of l?
2
Suppose -5*a + 34 = 2*f, 13 + 10 = 4*a + 3*f. Let t(g) = -4*g + 3*g + 2*g - 5. What are the prime factors of t(a)?
3
Let v = 17 + 14. List the prime factors of v.
31
Let i = 180 - 127. List the prime factors of i.
53
Let z(p) = p**2 + 8*p + 10. Let m be z(-7). Suppose 3*a + a - 94 = -2*q, -m*a - 5*q = -74. What are the prime factors of a?
23
Suppose -4*c + 66 = 2*h, h = -3*h + 20. List the prime factors of c.
2, 7
Suppose -4*l + 16 = 0, 2*y + 0*l - 5*l = 44. What are the prime factors of y?
2
Let l(s) = -2*s - 6. Let o be l(-4). Suppose 0 = 3*j - o*j. Suppose j = 3*m + m - 40. What are the prime factors of m?
2, 5
Suppose -7 = -4*x + 5. Suppose -10 = -5*q + x*q. What are the prime factors of q?
5
Let z(r) = -3*r - 2. Let n(w) = 4*w + 1. Let s(h) = -4*n(h) - 5*z(h). List the prime factors of s(-10).
2
What are the prime factors of (6 - 3) + (-39)/(-1)?
2, 3, 7
Suppose 5*u = -4*g - 258 + 1310, 5*u - 3*g = 1066. What are the prime factors of u?
2, 53
Let v = 1 + 1. Suppose 2*r - v = -3*g, g + r - 5*r = 10. What are the prime factors of (g/3)/((-5)/(-90))?
2, 3
Let z(i) = -i**3 - 3*i**2 + 3*i - 5. Let n be z(-4). Let l be 2 + n - (2 - -6). Let w = -2 - l. List the prime factors of w.
5
Let q = -1 - 1. Let t be (-1)/q*(-4)/(-2). Suppose 10 - t = r. List the prime factors of r.
3
Let j(a) = a**2 - 2*a - 5. Let t be j(6). Let n = t + 3. What are the prime factors of n?
2, 11
Let k(w) = -14*w - 65. What are the prime factors of k(-26)?
13, 23
Let p(s) = 5*s**2 - 10. What are the prime factors of p(4)?
2, 5, 7
Let d = 6 - 4. Suppose 3*l + n = -3*n + 7, n = d*l - 1. What are the prime factors of (-1 + 2)*l - -10?
11
Let j be -1*(-1)/(3/36). Let f = 3